5, 3881, 4457
What are the prime factors of 67667460?
2, 3, 5, 7, 367, 439
List the prime factors of 460773661.
17, 27104333
What are the prime factors of 403020666?
2, 3, 17, 19, 103, 673
What are the prime factors of 3401590663?
1327, 2563369
What are the prime factors of 1680818007?
3, 11, 797, 63907
List the prime factors of 994380360.
2, 3, 5, 547, 15149
List the prime factors of 4848707808.
2, 3, 7, 101, 23813
List the prime factors of 6368605338.
2, 3, 1061434223
What are the prime factors of 993356088?
2, 3, 661, 62617
List the prime factors of 518970267.
3, 19221121
List the prime factors of 16836769.
16836769
List the prime factors of 2306653269.
3, 3511, 218993
List the prime factors of 71127011.
3461, 20551
What are the prime factors of 1230406045?
5, 11, 23, 88423
List the prime factors of 71497154.
2, 35748577
What are the prime factors of 1449065435?
5, 23, 1223, 10303
What are the prime factors of 687913222?
2, 101, 239, 14249
What are the prime factors of 187314074?
2, 29, 1153, 2801
What are the prime factors of 200324689?
149, 1344461
What are the prime factors of 3276245583?
3, 13, 9334033
List the prime factors of 114391287.
3, 61, 101, 2063
List the prime factors of 299085445.
5, 23, 131, 19853
What are the prime factors of 82224531?
3, 83, 36691
List the prime factors of 296520263.
13, 197, 115783
List the prime factors of 1228708402.
2, 43, 14287307
List the prime factors of 24100350.
2, 3, 5, 160669
What are the prime factors of 10623188?
2, 2655797
What are the prime factors of 331816572?
2, 3, 3023, 3049
List the prime factors of 677490089.
31, 443, 49333
What are the prime factors of 4684426807?
2621, 1787267
List the prime factors of 812225896.
2, 101528237
List the prime factors of 257557985.
5, 443, 116279
What are the prime factors of 20586147?
3, 6862049
List the prime factors of 359754951.
3, 41, 83, 131, 269
List the prime factors of 169305858.
2, 3, 37, 254213
What are the prime factors of 149652810?
2, 3, 5, 31, 53639
List the prime factors of 289705.
5, 13, 4457
What are the prime factors of 553857994?
2, 17, 109, 199, 751
What are the prime factors of 6710321120?
2, 5, 41939507
What are the prime factors of 917843585?
5, 97, 1892461
List the prime factors of 342591728.
2, 21411983
What are the prime factors of 1949173876?
2, 13, 73, 513481
What are the prime factors of 1015674206?
2, 191, 2658833
List the prime factors of 105823844.
2, 7, 17, 19, 11701
What are the prime factors of 215847164?
2, 13, 17, 53, 271
List the prime factors of 25728460.
2, 5, 389, 3307
What are the prime factors of 245076935?
5, 49015387
List the prime factors of 216199176.
2, 3, 19, 29, 16349
What are the prime factors of 4806457355?
5, 7, 271, 506743
List the prime factors of 4598128705.
5, 919625741
What are the prime factors of 853255378?
2, 426627689
What are the prime factors of 866065437?
3, 23, 4183891
What are the prime factors of 4967556?
2, 3, 11, 37633
What are the prime factors of 177991597?
7, 67, 379513
List the prime factors of 1351446364.
2, 19, 31, 53, 79, 137
What are the prime factors of 752019118?
2, 376009559
What are the prime factors of 120923188?
2, 31, 975187
List the prime factors of 385038812.
2, 96259703
What are the prime factors of 7287301971?
3, 19, 526121
List the prime factors of 54142624.
2, 61, 27737
What are the prime factors of 184100786?
2, 17, 23, 47, 5009
What are the prime factors of 946307473?
7331, 129083
List the prime factors of 226051384.
2, 13, 2173571
List the prime factors of 48223224.
2, 3, 7, 163, 587
List the prime factors of 7038214516.
2, 13691, 128519
What are the prime factors of 292809857?
292809857
What are the prime factors of 206213999?
1399, 147401
What are the prime factors of 716250925?
5, 13, 2203849
What are the prime factors of 3635445632?
2, 7, 13, 44587
What are the prime factors of 683521977?
3, 443, 514313
List the prime factors of 863166664.
2, 239, 347, 1301
List the prime factors of 643514714.
2, 971, 331367
List the prime factors of 131634479.
1063, 123833
What are the prime factors of 257461172?
2, 19, 23, 147289
What are the prime factors of 201747132?
2, 3, 31, 60259
List the prime factors of 669795573.
3, 97, 2301703
List the prime factors of 5615154.
2, 3, 29, 31, 347
List the prime factors of 48853160.
2, 5, 43, 28403
List the prime factors of 132503354.
2, 67, 199, 4969
What are the prime factors of 66027591?
3, 7, 353, 2969
List the prime factors of 52844221.
131, 403391
What are the prime factors of 185511470?
2, 5, 41, 223, 2029
List the prime factors of 616810992.
2, 3, 7, 317, 5791
What are the prime factors of 2527970065?
5, 139, 3637367
What are the prime factors of 169221457?
169221457
List the prime factors of 581345153.
97, 5993249
What are the prime factors of 112428691?
1811, 62081
What are the prime factors of 81032429?
59, 1373431
What are the prime factors of 26171932?
2, 137, 163, 293
List the prime factors of 83797935.
3, 5, 13, 429733
List the prime factors of 81779814.
2, 3, 1514441
What are the prime factors of 3513488928?
2, 3, 36598843
What are the prime factors of 23606808?
2, 3, 983617
What are the prime factors of 539344966?
2, 8677, 31079
What are the prime factors of 319107457?
319107457
List the prime factors of 88038866.
2, 44019433
List the prime factors of 155364035.
5, 131, 193, 1229
What are the prime factors of 587807104?
2, 19, 263, 919
What are the prime factors of 1803175300?
2, 5, 18031753
List the prime factors of 230139121.
1187, 193883
List the prime factors of 282265025.
5, 7, 17, 79, 1201
List the prime factors of 570475632.
2, 3, 11884909
List the prime factors of 54059350.
2, 5, 31, 34877
List the prime factors of 20475047.
20475047
What are the prime factors of 399447465?
3, 5, 26629831
List the prime factors of 1034306607.
3, 53, 1621, 4013
What are the prime factors of 4199740810?
2, 5, 19, 31, 61, 11689
What are the prime factors of 2358729596?
2, 53, 11126083
List the prime factors of 626037422.
2, 19, 211, 78079
List the prime factors of 1020985286.
2, 17, 30028979
What are the prime factors of 545230861?
7, 1321, 58963
What are the prime factors of 9892698107?
23, 151, 2848459
What are the prime factors of 403810077?
3, 11, 12236669
List the prime factors of 371899346.
2, 7, 13, 43, 47521
What are the prime factors of 18308172?
2, 3, 19, 59, 1361
List the prime factors of 55472073.
3, 18490691
What are the prime factors of 2797665921?
3, 9623, 32303
What are the prime factors of 601513449?
3, 5927, 33829
List the prime factors of 281109399.
3, 17, 5511949
List the prime factors of 553176630.
2, 3, 5, 6146407
List the prime factors of 171873380.
2, 5, 7, 109, 1609
List the prime factors of 47246836.
2, 7, 13, 293, 443
List the prime factors of 76966406.
2, 11, 29, 997
What are the prime factors of 122154131?
11, 37, 59, 5087
What are the prime factors of 969285029?
31, 349, 89591
List the prime factors of 51266526.
2, 3, 17, 502613
List the prime factors of 61061130.
2, 3, 5, 13, 52189
List the prime factors of 28040573.
11, 2549143
What are the prime factors of 138967346?
2, 7, 197, 50387
List the prime factors of 64149485.
5, 67, 191491
What are the prime factors of 43612787?
43612787
List the prime factors of 28804475.
5, 7, 19, 8663
List the prime factors of 164736511.
17, 23, 31, 13591
What are the prime factors of 54241476?
2, 3, 4520123
List the prime factors of 1150832385.
3, 5, 331, 77263
List the prime factors of 128172947.
7, 761, 24061
List the prime factors of 2354570598.
2, 3, 61, 6433253
What are the prime factors of 7906885?
5, 7, 59, 547
What are the prime factors of 293486574?
2, 3, 48914429
List the prime factors of 2799783292.
2, 699945823
List the prime factors of 32912125.
5, 281, 937
List the prime factors of 6800090188.
2, 31, 5039, 10883
List the prime factors of 10716505.
5, 23, 93187
List the prime factors of 3554113.
673, 5281
List the prime factors of 610240860.
2, 3, 5, 19, 109, 1637
List the prime factors of 2626225227.
3, 107, 909043
List the prime factors of 348438357.
3, 31, 179, 6977
What are the prime factors of 41205662?
2, 709, 29059
What are the prime factors of 39040433?
181, 215693
What are the prime factors of 74629104?
2, 3, 11, 281, 503
List the prim